 number?
True
Is 643849127 a composite number?
False
Is 1726716947 composite?
True
Is 719602211 composite?
False
Is 171887925415 prime?
False
Is 294592689119 a composite number?
False
Is 3083680363 composite?
True
Is 2310660863 composite?
True
Is 34041936073 prime?
False
Is 4305904179 a composite number?
True
Is 2024025131 composite?
False
Is 36866194991 prime?
True
Is 45482282009 prime?
True
Is 112464880877 a composite number?
False
Is 7476280351 composite?
False
Is 31250307923 prime?
False
Is 3286810001 a prime number?
True
Is 7440027773 a composite number?
False
Is 1002433753 prime?
True
Is 4608164629 a composite number?
False
Is 1922111 composite?
False
Is 2657769013 a composite number?
True
Is 631213959 prime?
False
Is 374836661 composite?
True
Is 15942811117 composite?
False
Is 11232039547 a composite number?
False
Is 6416857697 a prime number?
False
Is 23862895534 prime?
False
Is 330762181 a composite number?
True
Is 1811094247 a prime number?
False
Is 278967287 prime?
True
Is 607954829 a composite number?
False
Is 7120602278 a prime number?
False
Is 1004324627 a composite number?
False
Is 13018743619 a prime number?
False
Is 472686361 prime?
False
Is 108110564641 composite?
False
Is 1107087127 a prime number?
True
Is 41268786649 prime?
True
Is 15174281483 a composite number?
False
Is 36861888031 a composite number?
True
Is 123336980849 a prime number?
False
Is 33386029879 composite?
False
Is 516985139 composite?
True
Is 7914631433 composite?
False
Is 34810474967 a composite number?
False
Is 291216997 a composite number?
True
Is 311777677 a prime number?
False
Is 3263420617 a prime number?
False
Is 6892988239 a composite number?
False
Is 4063579759 composite?
True
Is 12382491889 a prime number?
True
Is 22588237 a prime number?
False
Is 704091209 a composite number?
False
Is 83356948303 prime?
True
Is 6909113593 composite?
False
Is 23747505373 a prime number?
True
Is 543549441 a prime number?
False
Is 219118259 prime?
True
Is 180109051 prime?
True
Is 3218825811 a composite number?
True
Is 174495389 composite?
True
Is 4401004633 prime?
False
Is 642020383 a prime number?
False
Is 849978859 a composite number?
True
Is 478802517 a composite number?
True
Is 55302007 a prime number?
True
Is 63600604609 a prime number?
True
Is 984169099 a prime number?
False
Is 1769815673 a prime number?
True
Is 77316334 a prime number?
False
Is 149812334107 composite?
True
Is 19755015823 prime?
False
Is 31521218369 a composite number?
False
Is 383756635 prime?
False
Is 15014444957 prime?
True
Is 11208481387 prime?
False
Is 43430444605 prime?
False
Is 7482484699 a prime number?
True
Is 10956390437 a composite number?
False
Is 4172950687 composite?
True
Is 61891501411 a composite number?
False
Is 28526459767 a prime number?
False
Is 2484340171 prime?
True
Is 141988397 a prime number?
False
Is 3061447609 composite?
True
Is 2563875343 composite?
True
Is 354424283 prime?
False
Is 47091451837 a composite number?
True
Is 99830018339 composite?
True
Is 3706503283 prime?
False
Is 6023188343 composite?
False
Is 1454365457 a prime number?
False
Is 64242506935 composite?
True
Is 9193644683 a composite number?
False
Is 21962987681 composite?
True
Is 94985573959 prime?
True
Is 58561188207 a prime number?
False
Is 1321031011 prime?
True
Is 286188797 a composite number?
True
Is 1139380267 prime?
True
Is 74823816709 composite?
False
Is 15094397503 a prime number?
True
Is 20634351191 composite?
True
Is 21097311307 composite?
True
Is 192780321 composite?
True
Is 23656412639 composite?
True
Is 434712335 composite?
True
Is 31827326155 prime?
False
Is 4018081813 a composite number?
False
Is 111613819 composite?
False
Is 987832115 a prime number?
False
Is 16764994607 a composite number?
True
Is 739406867 a composite number?
True
Is 84327559439 prime?
True
Is 194742113 a prime number?
True
Is 2658281501 a composite number?
False
Is 531929063 a prime number?
True
Is 10339543499 a prime number?
True
Is 3652665379 composite?
True
Is 58165927 prime?
False
Is 34522459 a prime number?
True
Is 2628358433 a composite number?
True
Is 9249273277 prime?
False
Is 1760715487 composite?
False
Is 1898316083 a composite number?
False
Is 10318378115 composite?
True
Is 51247511193 prime?
False
Is 29822929177 a composite number?
False
Is 390990559 a prime number?
True
Is 327890052829 prime?
False
Is 731414237 a prime number?
False
Is 213637727 prime?
False
Is 107206169387 a prime number?
True
Is 1562279065 composite?
True
Is 367814641 prime?
True
Is 1558597753 a composite number?
False
Is 37703795357 a composite number?
True
Is 95962153579 prime?
False
Is 6743849845 a composite number?
True
Is 15993641 a prime number?
False
Is 790247767 a composite number?
True
Is 225182758771 a prime number?
False
Is 134635562341 composite?
True
Is 59720668187 composite?
False
Is 51891902339 a composite number?
True
Is 16630375037 prime?
True
Is 5386058039 prime?
False
Is 1521111989 prime?
True
Is 246181486979 prime?
True
Is 10502611729 composite?
False
Is 1502579009 composite?
True
Is 89241749 composite?
True
Is 183201527 a composite number?
True
Is 1801867211 a prime number?
False
Is 4125395242 a prime number?
False
Is 184349069 a prime number?
True
Is 2508931129 a composite number?
False
Is 43595593777 a composite number?
True
Is 543712651 a composite number?
False
Is 19475194801 a composite number?
True
Is 79541255873 prime?
True
Is 2584593833 prime?
False
Is 3550577929 prime?
True
Is 26557689173 a composite number?
False
Is 1228805717 a composite number?
True
Is 38653915621 composite?
True
Is 15973786369 a prime number?
True
Is 72345838801 prime?
False
Is 533723011 a composite number?
False
Is 8801858287 prime?
True
Is 38962608323 prime?
False
Is 686900003 composite?
True
Is 6193838993 a composite number?
False
Is 1358289277 prime?
False
Is 5004591065 prime?
False
Is 8822620867 prime?
True
Is 1453453493 prime?
True
Is 258423547 a composite number?
False
Is 921991151 a composite number?
True
Is 3560754089 a prime number?
False
Is 71330713943 a composite number?
True
Is 564764243 a prime number?
True
Is 949037083 a composite number?
False
Is 76182240349 prime?
False
Is 4911119813 prime?
True
Is 3253072829 a prime number?
False
Is 21909937 a composite number?
True
Is 7426173149 composite?
True
Is 9726947677 composite?
False
Is 1995431959 a composite number?
False
Is 3962753233 a composite number?
True
Is 118960351 a composite number?
True
Is 2655655679 a composite number?
True
Is 5002283749 a composite number?
False
Is 504582889 a prime number?
False
Is 47461790059 composite?
False
Is 16461172099 prime?
True
Is 1474084023 a composite number?
True
Is 574793347 a composite number?
False
Is 31556303719 a prime number?
True
Is 7456281731 prime?
True
Is 39014091794 prime?
False
Is 8455240447 composite?
True
Is 3995219563 prime?
True
Is 161407049 prime?
False
Is 3955236697 a composite number?
False
Is 10688430743 prime?
True
Is 14478819919 a prime number?
True
Is 981175277 a composite number?
False
Is 35798574533 composite?
False
Is 542850463 a prime number?
False
Is 5549036633 a composite number?
True
Is 218694283 a composite number?
True
Is 2220662291 a composite number?
False
Is 448032383 a composite number?
False
Is 6355914701 a prime number?
True
Is 88504303 a prime number?
True
Is 13390380953 composite?
True
Is 1280700961 composite?
False
Is 8790553711 prime?
False
Is 15902681261 a composite number?
False
Is 1665152089 a prime number?
True
Is 3351865573 a composite number?
True
Is 1493149591 composite?
False
Is 18972182773 a composite number?
True
Is 160547732659 a composite number?
True
Is 91960491263 composite?
False
Is 8607091 a prime number?
False
Is 3110545057 prime?
True
Is 201531055043 composite?
True
Is 2981780897 a prime number?
True
Is 55814947 prime?
False
Is 7877686607 a prime number?
False
Is 346313355257 a composite number?
True
Is 9113255621 a composite number?
False
Is 5892411359 composite?
False
Is 1534486969 prime?
False
Is 40798981211 a prime number?
False
Is 14312852711 composite?
True
Is 8106347773 a prime number?
False
Is 16252178153 prime?
True
Is 7837121 a prime number?
True
Is 4615002661 composite?
True
Is 20166434609 a composite number?
False
Is 73363531 a prime number?
True
Is 2076120